{"version":"1.0","provider_name":"Il Notiziario","provider_url":"https:\/\/www.ilnotiziario.net\/wp","author_name":"Stefano Di Maria","author_url":"https:\/\/www.ilnotiziario.net\/wp\/author\/stefano-di-maria\/","title":"Fermato ladro al Lidl di Gerenzano, aveva un coltello a serramanico - Il Notiziario","type":"rich","width":600,"height":338,"html":"<blockquote class=\"wp-embedded-content\" data-secret=\"646Ky4VMeP\"><a href=\"https:\/\/www.ilnotiziario.net\/wp\/prima-pagina\/fermato-ladro-lidl-di-gerenzano\/\">Fermato ladro al Lidl di Gerenzano, aveva un coltello a serramanico<\/a><\/blockquote><iframe sandbox=\"allow-scripts\" security=\"restricted\" src=\"https:\/\/www.ilnotiziario.net\/wp\/prima-pagina\/fermato-ladro-lidl-di-gerenzano\/embed\/#?secret=646Ky4VMeP\" width=\"600\" height=\"338\" title=\"&#8220;Fermato ladro al Lidl di Gerenzano, aveva un coltello a serramanico&#8221; &#8212; Il Notiziario\" data-secret=\"646Ky4VMeP\" frameborder=\"0\" marginwidth=\"0\" marginheight=\"0\" scrolling=\"no\" class=\"wp-embedded-content\"><\/iframe><script type=\"text\/javascript\">\n\/* <![CDATA[ *\/\n\/*! This file is auto-generated *\/\n!function(d,l){\"use strict\";l.querySelector&&d.addEventListener&&\"undefined\"!=typeof URL&&(d.wp=d.wp||{},d.wp.receiveEmbedMessage||(d.wp.receiveEmbedMessage=function(e){var t=e.data;if((t||t.secret||t.message||t.value)&&!\/[^a-zA-Z0-9]\/.test(t.secret)){for(var s,r,n,a=l.querySelectorAll('iframe[data-secret=\"'+t.secret+'\"]'),o=l.querySelectorAll('blockquote[data-secret=\"'+t.secret+'\"]'),c=new RegExp(\"^https?:$\",\"i\"),i=0;i<o.length;i++)o[i].style.display=\"none\";for(i=0;i<a.length;i++)s=a[i],e.source===s.contentWindow&&(s.removeAttribute(\"style\"),\"height\"===t.message?(1e3<(r=parseInt(t.value,10))?r=1e3:~~r<200&&(r=200),s.height=r):\"link\"===t.message&&(r=new URL(s.getAttribute(\"src\")),n=new URL(t.value),c.test(n.protocol))&&n.host===r.host&&l.activeElement===s&&(d.top.location.href=t.value))}},d.addEventListener(\"message\",d.wp.receiveEmbedMessage,!1),l.addEventListener(\"DOMContentLoaded\",function(){for(var e,t,s=l.querySelectorAll(\"iframe.wp-embedded-content\"),r=0;r<s.length;r++)(t=(e=s[r]).getAttribute(\"data-secret\"))||(t=Math.random().toString(36).substring(2,12),e.src+=\"#?secret=\"+t,e.setAttribute(\"data-secret\",t)),e.contentWindow.postMessage({message:\"ready\",secret:t},\"*\")},!1)))}(window,document);\n\/\/# sourceURL=https:\/\/www.ilnotiziario.net\/wp\/wp-includes\/js\/wp-embed.min.js\n\/* ]]> *\/\n<\/script>\n","thumbnail_url":"https:\/\/www.ilnotiziario.net\/wp\/wp-content\/uploads\/2021\/01\/arresto.jpg","thumbnail_width":995,"thumbnail_height":537,"description":"I militari dell\u2019Aliquota radiomobile della Compagnia di Saronno hanno deferito all\u2019autorit\u00e0 giudiziaria, in stato di libert\u00e0, un 30enne di nazionalit\u00e0 Fermato un bielorusso responsabile di un furto di generi alimentari al supermercato Lidl di Gerenzano"}

I militari dell’Aliquota radiomobile della Compagnia di Saronno hanno deferito all’autorità giudiziaria, in stato di libertà, un 30enne di nazionalità Fermato un bielorusso responsabile di un furto di generi alimentari al supermercato Lidl di Gerenzano
